 -g - 252, 3*a - 2*g - 1164 = 0. Suppose -6*t = -2*t - a. Is t composite?
False
Let k(p) = -3*p + 4. Let g be k(6). Is 141/21 - 4/g a prime number?
True
Let o(y) = 28*y**2 + 17*y - 2. Let j(v) = 14*v**2 + 8*v - 1. Let p(u) = 13*j(u) - 6*o(u). Is p(-3) prime?
False
Let m be 2/2 + 8 + -250. Let d = m + 362. Is d a prime number?
False
Let q be (13/3)/((-2)/108). Let r = q - -471. Is r a prime number?
False
Let y(q) = -6*q + 2 + 3*q**2 + 1 + q. Is y(4) a prime number?
True
Let q = 1389 + -880. Is q a composite number?
False
Let c(h) = h**2 - 2*h. Let u be c(2). Suppose u = -2*l + 24 + 14. Is l composite?
False
Suppose 0 = 2*t - 4*t + 152. Let g = t - 134. Is 1 - 0/(-1) - g a prime number?
True
Suppose 2*u - u + 7 = 0. Let r(f) be the first derivative of f**3 + 2*f**2 + 8*f - 3. Is r(u) a prime number?
True
Suppose 2*c - 255 - 139 = 0. Let k = c - 130. Is k a composite number?
False
Let f = -4 - -1. Let o = 36 + f. Is o a composite number?
True
Let i be 15/9 + (-6)/9. Suppose 0 = r + 2, -x - i = -r + 3*r. Is x a composite number?
False
Is (-160)/(-280) + 1140/14 a composite number?
True
Let p = -79 - -28. Let o(f) = -f**3 + f**2 + 4*f + 4. Let v be o(3). Let h = v - p. Is h a composite number?
True
Suppose -4*s + 2*s + 301 = 3*h, -2*h + 4*s + 174 = 0. Is h composite?
False
Suppose 2*d + 0*b - 425 = b, -5*d + 1049 = 2*b. Is d composite?
False
Suppose 4*p - 2*j + 3186 = -5*j, -4*j = 8. Is p/(-9) - 2/(-3) a prime number?
True
Suppose -7*z + 318 = -z. Is z prime?
True
Suppose -3*o + 3 = -2*o. Suppose o*b - 352 - 47 = 0. Is b a composite number?
True
Suppose -c - c = 2*j, 4*c + 5*j = 4. Let t = c + 2. Let a = 33 - t. Is a prime?
False
Suppose 3880 = 4*c - 2428. Is c prime?
False
Suppose -u - 137 = -0*u - 3*p, p - 548 = 4*u. Let j = -90 - u. Is j composite?
False
Let i be 0/((3 - 1) + -1). Suppose i*v = 4*v - 860. Is v a prime number?
False
Is (7096/8)/(-2 - -3) a composite number?
False
Let s = -5 - -3. Let a(b) = 2 - 4*b**2 - 2*b - 11*b**3 + 0 - 1. Is a(s) a composite number?
True
Let c = 3831 + -2564. Is c a prime number?
False
Let a = 115 + -80. Is a a prime number?
False
Let o(f) = 2*f**2 - f + 7. Let c be o(12). Suppose -3*k + 5*l + 873 = l, -k + 4*l + c = 0. Is k a prime number?
False
Let j(f) = 184*f + 1. Is j(3) prime?
False
Let l = -8 - -13. Suppose 15 = -3*q + 3*u, -l*u + 1 = -q - 4. Is (291/(-15) - -2)*q composite?
True
Let r(b) = b - 6. Let u be r(-6). Let f be -3*(-3)/(27/u). Is 88/6 - f/12 a prime number?
False
Let d(r) = r - 2. Let i be d(6). Let y(q) = 3*q + 3*q**2 - i - 2*q**2 + 16 - 13*q. Is y(11) composite?
False
Let u(h) be the third derivative of -1/6*h**3 + 0*h + 0 + 2*h**2 + 5/8*h**4. Is u(4) a composite number?
False
Suppose -3*k = -4*u - 112, 3*k + u + 3*u - 152 = 0. Suppose b - k = 23. Is b prime?
True
Let k be (-50)/(-15)*(-6)/(-4). Suppose 0 = -5*z + 5*g + 25, -4*z = -0*z - k*g - 20. Suppose -2*x - 51 = z*h - 210, 5*x + h - 386 = 0. Is x a prime number?
False
Suppose -9 = 4*a + 7. Let j(n) = -2*n**3 - 6*n**2 - 4*n + 5. Is j(a) prime?
True
Let t(b) = b + 7. Let k be t(-6). Let z(d) = 3 - 5*d**2 + 2 - 7 + k - d**3 - 6*d. Is z(-4) a composite number?
False
Let s(w) = -w. Let d(t) = 7*t - 7. Let i(u) = -d(u) - 3*s(u). Is i(-7) a composite number?
True
Let i(n) = 201*n + 5. Is i(2) prime?
False
Is -4 + (3 - (-1479 - 3)) composite?
False
Suppose -q = 3*q - 76. Is q prime?
True
Suppose 469 + 1054 = l. Is l a composite number?
False
Let r(m) = -33*m**3 + m**2 + m + 1. Is r(-1) prime?
False
Suppose -v + 5 = -0*v. Suppose -v*s + 273 = 28. Is s prime?
False
Let c = 75 + -8. Is c composite?
False
Let p be ((-8)/10)/((-1)/5). Let r(x) = -2*x**3 - x**2 - x. Let c be r(-1). Is 8 - ((0 - c) + p) composite?
True
Let d(x) = -44*x**2 - 2*x + 5. Let o(n) = -45*n**2 - n + 5. Let u(z) = 4*d(z) - 5*o(z). Is u(-3) a composite number?
True
Suppose -3*s + 116 = 4*p, -p + 17 = s - 4*p. Suppose 2*c - s = -0*c. Suppose 0 = -5*y - 4*b + 207 - 48, 0 = 4*b + c. Is y composite?
True
Let w = 1803 + -686. Is w a composite number?
False
Suppose 2*r = -4*y + 148, -2*r = -0*r - 4. Let m be (y/10)/((-6)/20). Is (-225)/m + (-1)/(-4) composite?
False
Let w(v) = -v**2 + 4*v. Let d be w(4). Suppose d = -4*c + 8, y + 2*c + 3*c = 63. Is y a composite number?
False
Let s(i) = i + 4. Let z be s(-6). Let c be z - -1 - (-3 - 2). Suppose 0 = -c*b + 2*b + 22. Is b composite?
False
Is -5*(2687/(-5) + -3) - -3 a prime number?
False
Suppose 6*i + 0*i - 1032 = 0. Suppose 3*m - i = -m. Is m a prime number?
True
Suppose -5*m + 438 + 617 = 0. Is m a prime number?
True
Let a(m) = -m**3 - 11*m**2 + 6*m + 5. Let p be a(-11). Suppose 5*w = 5, d + w = 4*w + 84. Let n = p + d. Is n a composite number?
True
Let o be 3/(2 - 14/6). Let g(y) = -y**2 - 15*y - 11. Is g(o) a prime number?
True
Suppose -45 = -a + 3*i, -113 = 3*a - 6*a - 2*i. Let l = a + -88. Let w = l - -92. Is w prime?
True
Suppose -6*m = -7*m + 3. Suppose -m*a - 88 = -7*a. Is a prime?
False
Let u(w) = -w**3 + 8*w**2 - 8*w. Let d be u(6). Let s = -11 + d. Let p = 8 + s. Is p a composite number?
True
Let b be (243/12)/((-1)/(-4)). Let u = -43 + b. Is u composite?
True
Is 5 + 22/(-4) - (-13497)/6 a composite number?
True
Is (-3754)/(-8) + 36/(-144) a prime number?
False
Suppose -2*y - 3*y - 12 = -2*b, 3*y + 12 = 0. Is (b - -2)*(-154)/4 a prime number?
False
Let a(x) = -x**3 - 2*x**2 - 3*x + 2. Let k be a(-3). Suppose 0 = -3*w - 4*j - 44, 0*j + 4*j = -k. Is (-2)/w + (-633)/(-12) a composite number?
False
Is (-13)/(26/(-584)) + (-1)/(-1) a prime number?
True
Let s(d) = 10*d**2 - 1. Let u(i) = -15*i**2 + 1. Let r(p) = -7*s(p) - 5*u(p). Is r(-5) prime?
True
Let f(u) = -u**2 + 2*u + 3. Let g be f(3). Let k = -5 - -38. Suppose g*q = -3*q + k. Is q a prime number?
True
Let l(g) = 27*g + 23. Let s(k) = -9*k - 8. Let z(b) = 6*l(b) + 17*s(b). Is z(5) prime?
True
Let n(v) = -5*v**3 - 7*v**2 - 4*v - 3. Is n(-5) a composite number?
False
Let t = 1756 + 2977. Is t a prime number?
True
Let a(p) = 8*p**3 - 2*p**2 + 2*p + 1. Suppose -2 - 7 = -3*b. Is a(b) prime?
False
Suppose -5*z + 4443 - 808 = 0. Let c = z - 420. Is c a composite number?
False
Let w(i) = 4*i - 3. Let p be 13 + 1/(-2)*4. Let y(b) = 8*b - 6. Let n(z) = p*w(z) - 6*y(z). Is n(-4) composite?
False
Let f = 1 + 3. Suppose -4*w = 4*g + 52, -w + f = -5*w. Let q = -6 - g. Is q composite?
True
Let d(h) = -h**3 + 3*h**2 + 4*h - 2. Is d(3) prime?
False
Suppose 60 = 3*h - 8*h. Is h/8*(-356)/6 composite?
False
Suppose 4*z = -5*g + 2*g + 1013, 3*g = 5*z - 1273. Is z/(5/(15/6)) a prime number?
True
Let p = 93 + -24. Is p a prime number?
False
Let d = 12 + -6. Suppose n - 11 = -2*w, -d*w + w + 2*n = -5. Suppose 6 = 4*a - w*a. Is a composite?
True
Suppose 97 = 6*u - 5*u. Is u a composite number?
False
Let d = -10 + 9. Let v(n) = 13*n**2 - n. Is v(d) composite?
True
Suppose t = 6*t - 2*g - 35, -4*g = -5*t + 45. Suppose t*n - 5 = 40. Let f = 10 + n. Is f prime?
True
Let i = 8404 + -5747. Is i composite?
False
Let o = 3052 + -2163. Is o composite?
True
Suppose -3*n + 40 = 2*n. Suppose 2*l - n - 2 = 0. Let i = 12 - l. Is i a prime number?
True
Let g = 0 + 5. Suppose -g*c + 455 = -2*v, -c = -5*c + 4*v + 376. Suppose 5*o - c - 164 = 4*h, -4*o - 2*h = -192. Is o a prime number?
False
Is 12/(-3) + 305/5 a composite number?
True
Suppose 1 = s - o + 2, 5*s - 2*o - 7 = 0. Suppose s*r + 6 = 0, 0 = -u - 2*u - 4*r + 859. Is u a composite number?
True
Let c(d) = -d**3 + 2*d**2 + 4*d - 7. Is c(-6) a composite number?
False
Let z(d) be the second derivative of 3*d**5/20 + d**4/12 - d**3/6 - d**2/2 - d. Is z(2) prime?
False
Let x(t) = -53*t - 16. Is x(-5) a composite number?
True
Let u = 409 - 198. Is u a composite number?
False
Let h = 2 - 2. Let q be 108 - (h/(-1) + 0). Is -1 + 2 - q/(-2) a composite number?
True
Let f(b) be the second derivative of -b**5/2 - 2*b**3/3 - 3*b**2/2 + b. Is f(-2) composite?
True
Suppose 2*o = -3*h + 377, -o = 3*h + h - 191. Suppose 7*s - 4*s - 106 = -5*f, -5*s + o = -2*f. Is s a prime number?
True
Let c = -26 + 17. Let k be c/(-27)*(-1 - -16). Suppose k*l = 1334 - 79. Is l prime?
True
Let h be -2*(-21)/(-12)*-4. Let z be h + (1 + -1 - 2). Suppose z = l - 10. Is l prime?
False
Let x(j) be the first derivative of -8*j**3/3 + j**2/2 - j - 2. Let z be x(1). Let t = 41 - z. Is t comp